greatest common factor of j and 14.
7
Let y(l) = 17*l**2 - 3*l + 3. Let a = -25 + 27. Let p be y(a). What is the highest common divisor of p and 39?
13
Suppose -3*y = -5*v + 10*v - 264, 0 = -3*v - y + 160. Calculate the highest common factor of 6 and v.
6
Suppose -x - 154 = 6*x. Let z = -2 - x. What is the highest common factor of z and 8?
4
Let u(v) = v**2 + 10*v + 45. Let z be u(-7). Let y = 2 - -1. Suppose -y*x + x = -384. Calculate the greatest common divisor of x and z.
24
Let y be (-27)/((-81)/(-10))*-9. Suppose 0*n - 2*n - 4*j + 28 = 0, 46 = 5*n - 2*j. What is the greatest common factor of n and y?
10
Suppose -5*o - 10 = 0, -3*n + o = -4*n + 20. Let z be 0 + 194 + 1 + 3. What is the greatest common divisor of z and n?
22
Suppose -69 = -5*p + 111. Suppose -4*x = -5*c + 736, -412 = c - 4*c - 5*x. Calculate the greatest common factor of c and p.
36
Let l be 252/56*8/6. Calculate the greatest common divisor of l and 138.
6
Suppose -4*z + 60 = f, -7*f = -3*f + 3*z - 227. Let y = 18 + 12. Let m = 38 - y. What is the greatest common divisor of m and f?
8
Suppose 3*b + 7 = 4*b + 5*o, 5*b = -2*o + 104. What is the highest common divisor of b and 44?
22
Let q be (-35)/10*(-8)/7. Calculate the highest common factor of q and 34.
2
Let l = -14 + 28. Suppose 62*j - 70*j + 392 = 0. Calculate the highest common divisor of j and l.
7
Suppose 9*p = 5*l + 4*p + 15, 8 = 4*l + p. Let h be 55/2*60/25. Let s be h/24 + l/4. Calculate the greatest common divisor of 2 and s.
1
Suppose 71 = 2*a + 57. Suppose 0 = 7*q - 3*q - 56. What is the highest common factor of q and a?
7
Let y(k) = k. Let t be y(7). Let u be -5*(90/(-25) - -3). Suppose u*f + 14 = 35. Calculate the greatest common factor of f and t.
7
Let m(u) = 2*u**2 - 12*u + 44. Let t be m(6). Let f be 1/(-4) - 1764/(-16). What is the highest common factor of f and t?
22
Let d = -439 + 448. Let h = -48 + 120. What is the greatest common divisor of h and d?
9
Suppose 0 = 2*w - 0*w - 88. Let n = 19 - 44. Let c = -14 - n. Calculate the highest common divisor of c and w.
11
Suppose -2*r + 81 + 207 = 0. Suppose 4*c - 2*m - 104 = -0*c, -2*m = -c + 20. Let f be 456/28 - 8/c. What is the greatest common factor of r and f?
16
Let a(c) = 83*c - 663. Let d be a(9). Calculate the greatest common divisor of d and 60.
12
Suppose 3*p - p - 299 = -3*w, -3*p = 3*w - 444. Suppose 0 = 2*g + 6*g - 1184. Let n = -90 + g. What is the highest common factor of n and p?
29
Suppose -2498 = -56*k + 21806. What is the greatest common divisor of k and 168?
14
Let m = 6325 + -6307. Let j(z) = z**2 + 2*z**2 - 4*z**2 + 12. Let o be j(0). What is the greatest common divisor of o and m?
6
Let u be -12 - (-5 + -9) - (-1860 + -1). Calculate the highest common factor of u and 69.
69
Suppose 0 = -3*r - 11*r + 1204. Calculate the greatest common divisor of r and 2.
2
Let q(c) = -2*c**2 + 22*c - 11. Let s = -19 - -29. Let d be q(s). Calculate the highest common factor of 81 and d.
9
Let d be (-8)/(-24)*1*(-1 - -25). Let j(u) = 10*u - 75. Let q be j(d). What is the greatest common divisor of q and 5?
5
Let c be ((-2)/(-4))/((-2)/4*-1). Let a be 14 + c*(-16)/4. Calculate the greatest common factor of a and 90.
10
Let o be ((-50)/(-3))/((-12)/(-18)). Let k = o - 21. Let d be -36*k/(-1*8). Calculate the highest common factor of d and 72.
18
Suppose -7*p + 32 = -682. Calculate the highest common factor of p and 68.
34
Suppose 0*i = 2*i + r - 45, -i + 30 = -2*r. Let t be 54/8 - 2*(-3)/i. Calculate the highest common divisor of t and 7.
7
Let p(v) = 11*v**2 + 9*v + 4. Let l be 3 + ((-12)/3 - 3). Let w be p(l). What is the greatest common divisor of 18 and w?
18
Suppose 2*t + 26 = 250. Suppose 0 = m + 25 - t. Suppose -5*l + 158 = -m. Calculate the greatest common divisor of 7 and l.
7
Let f be (-4)/(-14) + 0 + 29504/28. What is the greatest common factor of f and 136?
34
Let s = -2 + 4. Suppose 4*c + c - 27 = -i, 0 = -2*i + 5*c + 39. What is the highest common divisor of i and s?
2
Let x be 1/(-3) - (-1356)/18. Let v(r) = -r**3 - 16*r**2 - 19*r - 30. Let y be v(-15). What is the highest common factor of y and x?
15
Let m be 3 - (-86 - (3 - -4)). Suppose 3*j + 12 = 0, 8 = 2*v - 3*v - 2*j. Let z(g) = g**2 + 12. Let w be z(v). What is the greatest common factor of m and w?
12
Suppose -3*q + a + 4*a = -19, 5*q = -a + 69. Let k = -11 + q. Suppose t = k*t - 19. What is the greatest common factor of t and 19?
19
Suppose 0 = -2*d - c + 6*c + 471, 2*d - 3*c = 481. What is the highest common factor of d and 8?
8
Let y(g) = -3*g**3 - 2*g**3 - g**2 - 5*g**3. Let s be y(-1). Let w(z) = -16*z - 46. Let o be w(-4). What is the highest common divisor of o and s?
9
Suppose 41 + 91 = 3*a. What is the highest common divisor of 396 and a?
44
Let s = 82 + -45. Let h = s + -25. Calculate the greatest common factor of 132 and h.
12
Suppose 17*j - 18*j = -8. Let z(l) = l**2 - 4*l + 6. Let t be z(6). Suppose -n - t = -58. Calculate the greatest common divisor of n and j.
8
Let s = 55 + -40. Let z = -313 + 598. What is the highest common divisor of s and z?
15
Suppose -4*j + 9 + 3 = 0. Let o(m) = m**3 - 13*m**2 + 4*m + 13. Let n be o(13). Suppose -79 - n = -6*f. What is the highest common divisor of f and j?
3
Let z(v) = 4*v**2 - 24*v + 5. Let g be z(10). Let t = -265 - -280. What is the highest common factor of t and g?
15
Suppose 43 - 71 = -2*n. Calculate the highest common factor of 52 and n.
2
Suppose -16*y + 25 = -11*y. Suppose 3*b - 10 = y. What is the greatest common divisor of b and 2?
1
Suppose -s = -4*n - 10, 0 = -3*s - 4*n + 2*n + 16. Suppose s*d + 121 = 319. Calculate the greatest common divisor of d and 22.
11
Suppose 16*z - 181 = 619. Calculate the greatest common divisor of z and 2050.
50
Let o be (28/6)/((-219)/(-16425)). Calculate the highest common divisor of o and 210.
70
Suppose 0 = -2*k + 39 - 19. Let u be 30/k*(4 + 1). What is the highest common factor of 10 and u?
5
Let c be 3/5 + 2352/80. Suppose -3*i - r - c = 0, 0 = 5*i - 2*r + 29 + 10. Let h = i + 10. What is the highest common factor of 1 and h?
1
Suppose 3*z + 805 = 8*z. Let a(r) = -2*r**3 + r**2 - 3*r - 3. Let d = 10 - 12. Let l be a(d). What is the highest common divisor of l and z?
23
Let p = -342 + 398. Calculate the highest common factor of 1316 and p.
28
Let w = -82 + 217. What is the highest common divisor of w and 15?
15
Suppose -12*n - 706 = -862. Let h(j) = 14*j - 7. Let q be h(7). What is the greatest common divisor of n and q?
13
Let m be 68/18 - 34/(-153). Suppose 0 = -2*s - m*q + 292, 2*q = 4*s + 3*q - 577. Calculate the greatest common factor of 18 and s.
18
Suppose 0*x - 5*i + 595 = 5*x, -6 = -3*i. Let v(z) = z**3 + 7*z**2 - 3*z + 10. Let k be v(-8). Let t = k + 43. What is the greatest common divisor of x and t?
13
Let v = 57 - 46. What is the highest common factor of 979 and v?
11
Suppose 20 = 4*n + 3*a - 6*a, 3*n - 4*a - 15 = 0. Suppose -4*g - 4*w + 100 = 0, n*g - 5*w + 0*w - 175 = 0. What is the greatest common factor of g and 5?
5
Suppose 27*k - 54 - 81 = 0. What is the greatest common divisor of k and 180?
5
Let o be (-5451)/(-18) + 3/18. Suppose 3*i + 93 = o. Let k be (3 - -3)*14/6. Calculate the greatest common factor of i and k.
14
Let k = 498 + -118. What is the highest common factor of k and 20?
20
Suppose 429 = -5*t + 434. Calculate the greatest common factor of 47 and t.
1
Suppose -4*o = -2*p, -4*o + 4 = -2*p + o. Suppose -s + 25 = x, -2*x + 7*s = 2*s - 15. Let m = x - p. What is the highest common factor of 24 and m?
12
Let m(u) = -17*u + 151. Let n be m(8). What is the greatest common factor of 10 and n?
5
Let l = 388 - 300. What is the highest common factor of l and 33?
11
Suppose j - 564 = -9*m + 14*m, -5*m + 1592 = 3*j. Calculate the highest common divisor of j and 11.
11
Suppose -2511 = -10*h - 17*h. Calculate the greatest common factor of 12 and h.
3
Suppose -171 = -4*q - 63. What is the highest common divisor of q and 171?
9
Suppose -22*h = 56*h - 24570. Calculate the greatest common divisor of 49 and h.
7
Let j = 38 + -26. Suppose u - 128*x = -125*x + 17, 4*x = -12. What is the highest common divisor of j and u?
4
Suppose 4*r - 82 = -z + 2, -4*r = -4*z - 64. Let c be 9 + 2/(-13 + 11). Calculate the highest common divisor of c and r.
4
Let s be 2/(2*1/191). Le